{"id":81,"date":"2022-09-13T10:35:00","date_gmt":"2022-09-13T08:35:00","guid":{"rendered":"http:\/\/localhost\/almadvokat\/?page_id=81"},"modified":"2022-09-17T18:08:04","modified_gmt":"2022-09-17T16:08:04","slug":"offentlig-ratt","status":"publish","type":"page","link":"https:\/\/www.almadvokat.se\/?page_id=81","title":{"rendered":"Offentlig r\u00e4tt"},"content":{"rendered":"\n<ul class=\"wp-block-list\"><li>\u00c4renden om offentlighet- och sekretess.<\/li><li>Bolagisering av kommunal verksamhet.<\/li><li>\u00c4renden r\u00f6rande kommunallagen, t.ex. om kommunal kompetens, \u00f6verklagande av kommunala beslut.<\/li><\/ul>\n","protected":false},"excerpt":{"rendered":"<p>\u00c4renden om offentlighet- och sekretess. Bolagisering av kommunal verksamhet. \u00c4renden r\u00f6rande kommunallagen, t.ex. om kommunal kompetens, \u00f6verklagande av kommunala beslut.<\/p>\n","protected":false},"author":1,"featured_media":124,"parent":0,"menu_order":0,"comment_status":"closed","ping_status":"closed","template":"","meta":{"footnotes":""},"class_list":["post-81","page","type-page","status-publish","has-post-thumbnail","hentry"],"_links":{"self":[{"href":"https:\/\/www.almadvokat.se\/index.php?rest_route=\/wp\/v2\/pages\/81","targetHints":{"allow":["GET"]}}],"collection":[{"href":"https:\/\/www.almadvokat.se\/index.php?rest_route=\/wp\/v2\/pages"}],"about":[{"href":"https:\/\/www.almadvokat.se\/index.php?rest_route=\/wp\/v2\/types\/page"}],"author":[{"embeddable":true,"href":"https:\/\/www.almadvokat.se\/index.php?rest_route=\/wp\/v2\/users\/1"}],"replies":[{"embeddable":true,"href":"https:\/\/www.almadvokat.se\/index.php?rest_route=%2Fwp%2Fv2%2Fcomments&post=81"}],"version-history":[{"count":1,"href":"https:\/\/www.almadvokat.se\/index.php?rest_route=\/wp\/v2\/pages\/81\/revisions"}],"predecessor-version":[{"id":82,"href":"https:\/\/www.almadvokat.se\/index.php?rest_route=\/wp\/v2\/pages\/81\/revisions\/82"}],"wp:featuredmedia":[{"embeddable":true,"href":"https:\/\/www.almadvokat.se\/index.php?rest_route=\/wp\/v2\/media\/124"}],"wp:attachment":[{"href":"https:\/\/www.almadvokat.se\/index.php?rest_route=%2Fwp%2Fv2%2Fmedia&parent=81"}],"curies":[{"name":"wp","href":"https:\/\/api.w.org\/{rel}","templated":true}]}}